 + -208. Let w(n) = 8*n**2 - 6*n - 6. Let x be w(-3). Suppose -x = -4*m + 2*m. What is the highest common divisor of d and m?
21
Suppose -5*k - 9 = 11. Let z be -1*k/(1 - 0). Let l be (z - 7/2)*46. Calculate the highest common factor of l and 69.
23
Suppose 4*w - 2*y = 112, y = 2*w + 3*w - 143. Suppose c - 2*c + w = 0. What is the highest common factor of c and 87?
29
Suppose 1172 + 697 = 29*k - 2133. Let g(l) = 2*l**2 - 15*l - 8. Let t be g(11). Calculate the greatest common factor of k and t.
69
Suppose -2*y + 5*j = -1391 - 1299, 2686 = 2*y - 4*j. What is the greatest common factor of y and 15?
15
Let w be (12/3 - (-106 + 55)) + -5. Calculate the greatest common divisor of 1020 and w.
10
Suppose -4*a + 18 = -8*a - 2*d, 2*a - d = 1. Let o be 0 - (16/4 + -78 - a). What is the greatest common divisor of 9 and o?
9
Suppose 75 = -2*g + 85. Calculate the highest common divisor of 95 and g.
5
Suppose 3*g = n - 75, -4*n - 2*g + 20 = -280. Let r = -345 - -360. What is the highest common divisor of r and n?
15
Let f(i) = -12*i - 73. Let h be f(-12). Suppose 0 = 3*g - 13 - h. Calculate the highest common factor of g and 266.
14
Suppose 5*b - 122 = 3*w, -4*b = -2*w + 3*w - 84. Let s be (-2 - (-54)/4)/(10/100). Let r = s + -71. Calculate the greatest common factor of b and r.
22
Suppose 0 = -29*a - 48*a + 196267 + 1023721. Calculate the highest common factor of a and 17.
17
Let r = 367 + -293. Suppose -5*q + 10*q - 82 = -m, -5*m = 4*q - r. What is the greatest common divisor of q and 256?
16
Let k be ((-1794)/(-115))/((-1)/(-10)). Let v be k - ((-14)/2 + 7). Calculate the highest common divisor of 36 and v.
12
Let x(n) = -68*n**3 + n**2 + 51*n + 322. Let w be x(-5). What is the highest common factor of 24 and w?
24
Let k(h) = h**2 - 2*h. Let l be k(0). Let z be (-1)/((-3)/210) + l. Let j = 1399 - 1364. Calculate the greatest common divisor of j and z.
35
Let x(j) = j**3 + 6*j**2 - 80*j. Let u be x(7). What is the highest common divisor of 4928 and u?
77
Let l = -81 + 113. Suppose -13*h + 21164 = 5*t + 3261, -5*h - 2*t = -6886. What is the greatest common divisor of h and l?
32
Suppose -3*w = 2*w + 15. Let l be (w + 2 + 2)*-2. Let u be (-25)/l*(-96)/(-15). What is the greatest common divisor of 20 and u?
20
Let n be (-1)/((-3)/27)*82/((-1722)/(-42)). Let u be (-8 + 2)*(1 - 6). Calculate the highest common divisor of n and u.
6
Let m be 15/(-6)*(-72)/60. Suppose 3*f - 547 + 210 = -p, 441 = 4*f + m*p. Calculate the highest common divisor of 285 and f.
57
Let i be (-8 + 19 - 13)*(-7)/(-2). Let t be i/(56/(-120))*9. Calculate the greatest common factor of t and 180.
45
Suppose 105 = 17*h - 14*h. Let l be ((-15)/2)/(5/(-50)). Let a = 205 + l. Calculate the greatest common factor of a and h.
35
Suppose 2*m = -33 - 87. Let t = m + 63. Suppose t*i = 3, 4*i - 11 - 7 = -w. What is the greatest common factor of w and 154?
14
Let m(n) = 18*n**2 - 2*n - 4. Let l be m(4). Suppose 0 = 54*s + 907*s - 225 - 11307. What is the highest common factor of s and l?
12
Let l be 4*7/252 + (-3)/27. Let u(a) = a**3 + a**2 + 8*a + 126. Let b be u(l). What is the greatest common divisor of 54 and b?
18
Suppose 5*k - 13 + 26 = 3*v, 2*k = 5*v - 28. Let b = 25 + -21. Let l be (28/v - b)*96. Calculate the highest common divisor of 8 and l.
8
Let r = 426 - 266. Let t be 2754/33 - 72/(-132). Let g be (t/4 - 5)*(-1 + 3). What is the greatest common factor of g and r?
32
Let u(t) = -t**3 - 25*t**2 + 13*t - 77. Let n be u(-26). Let r = n - -69. Calculate the highest common factor of r and 15.
15
Let d be 1186/6 + 1200/225. What is the highest common factor of 21 and d?
7
Let k be 22/27*12 + -3 + (-406)/(-126). What is the greatest common factor of k and 410?
10
Let m(c) = 22*c + 506. Let x be m(-23). Suppose x = -u + 5, -2*u - 14 = -6*g + 3*g. Suppose 0*j - 160 = -5*j. What is the greatest common factor of j and g?
8
Suppose 95*m - 100*m + r + 616 = 0, 2*m + 3*r - 260 = 0. Calculate the highest common divisor of m and 10323.
31
Let h(t) = t**2 - 14. Let a be h(4). Suppose 3*n + 40 = 4*d + a*n, -4*d - 5*n + 16 = 0. What is the greatest common factor of d and 36?
9
Let b be 1/8 - 14277/(-24). Let y be (-51)/(-3)*2 - -1. Calculate the greatest common divisor of y and b.
35
Suppose 4*u = 5*u - 22. Let m(b) = -181*b - 8397. Let n be m(-47). What is the greatest common factor of u and n?
22
Suppose 2*k - k + 9 = 5*s, 2*k + 18 = s. Let l = k + 25. Let j = l + 4. What is the highest common divisor of j and 10?
10
Let x = -7029 - -6991. Suppose y = 2 + 76. Let q = x + y. What is the greatest common factor of q and 16?
8
Suppose -9757 = -3*p - 2*b, 3*b - 6545 = -3*p + 3217. What is the highest common factor of 9 and p?
9
Let s be (-6)/(-10) + (-10521)/(-15). Let u(b) = 8*b - 158. Let j be u(23). What is the greatest common divisor of j and s?
26
Let i be 4354/8 + (-64)/48*9/48. Calculate the greatest common factor of i and 1564.
68
Let i(c) be the second derivative of c**4/4 - 7*c**3/2 - 63*c**2/2 + 120*c. Let q be i(15). What is the greatest common factor of q and 9?
9
Let j(q) = q**3 + 52*q**2 + 184*q - 272. Let u be j(-48). Calculate the greatest common divisor of 2408 and u.
56
Suppose 3*i = -0*i + 30. Suppose 5*s = 289 + 556. Let x = s - 159. What is the highest common divisor of x and i?
10
Suppose 0 = -5*y - 15, 0 = -5*p + 3*y + 183 + 36. Calculate the greatest common factor of p and 6286.
14
Let g(k) = k**3 - 13*k**2 + 45*k + 108. Let y be g(7). Suppose 0 = 5*s - 3*h - 206, -h + 4 = -2*s + 87. What is the greatest common factor of y and s?
43
Suppose -866 = -5*c + 1560 + 2939. Calculate the greatest common factor of 29 and c.
29
Let s(t) be the first derivative of 8*t**4 + 8*t**3/3 - 3*t**2/2 + 4*t - 117. Let h be s(2). Calculate the greatest common divisor of h and 44.
22
Let q = -2685 - -2756. What is the highest common divisor of 4189 and q?
71
Let y(j) = -1 - 2 + 1 + j. Let x be y(3). Let b(l) = -90*l + 186. Let i be b(2). What is the highest common factor of x and i?
1
Let c be 2 + -10 + (-40)/(-2). What is the greatest common factor of 498 and c?
6
Let f = -5344 + 5361. Suppose 2*m = 4*m - 272. Calculate the highest common factor of f and m.
17
Suppose u - 4*u + 15 = 0, 0 = -5*w - 4*u + 4895. Let p = w - 687. Calculate the highest common divisor of 18 and p.
18
Suppose -25*q + 740 = -4285. What is the greatest common factor of q and 11859?
201
Suppose 4*q - 2142 = 5*p, -p - q - 281 = 142. Let i = -420 - p. Calculate the highest common divisor of 162 and i.
6
Let t(x) = 24*x**3 - 2*x**2 + x. Let w be t(1). Let n = -746 - -2126. Suppose -4*q + n = 8*q. Calculate the greatest common factor of w and q.
23
Suppose 102*z - 126*z = -10320. Calculate the highest common factor of 40 and z.
10
Let y = 2577 + 691. What is the greatest common factor of 76 and y?
76
Let u be (-1 - -4)/((-1)/(-2)). Suppose -70918*c - 216 = -70942*c. What is the greatest common factor of u and c?
3
Suppose -9*c + 3*c + 636 = 0. Let b = -99 + c. What is the greatest common factor of b and 1?
1
Let v be (-12744)/(-180) + (1 - 4/((-60)/(-27))). Let y = 574 - 294. Calculate the highest common factor of y and v.
70
Let n = 757 - 714. Suppose -n*v - 442 = -44*v. Calculate the highest common divisor of 52 and v.
26
Let r(o) = -12*o + 838 - 417 - 420. Suppose -37 = 3*f + 26. Let j be r(f). Calculate the highest common divisor of 23 and j.
23
Suppose 1505 = 2*r + 3*h, -85*h + 88*h + 2265 = 3*r. Calculate the highest common divisor of 78 and r.
26
Let x = 7 - -2. Let g(d) = 17*d - 99. Let t be g(15). Let m = 255 - t. What is the highest common divisor of m and x?
9
Let k be -15 + 66/6 - -414. What is the highest common divisor of 20 and k?
10
Suppose -5*y = 5*n - 7*n + 86, 12 = 4*n. Let c(p) = -17*p - 177. Let o be c(y). Suppose -2*b = b - 114. What is the greatest common factor of o and b?
19
Let g be (-1 - (-852)/24) + 2/4. What is the highest common factor of g and 25?
5
Let q = 7 + -3. Let y be -2 + (-80)/(-36) + q/(-18). Suppose 11*r - 5*r - 552 = y. What is the greatest common divisor of 23 and r?
23
Let o(l) = -l**2 - 167*l + 117. Let y be o(0). Suppose 4*z - 4*c = 308, -3*c + 174 = 2*z - 0*c. What is the greatest common factor of y and z?
9
Let c = 21 + -4. Suppose 0 = -n - 13 - 26. Let j = n + 90. Calculate the grea